{"id":258,"date":"2024-09-19T14:41:23","date_gmt":"2024-09-19T12:41:23","guid":{"rendered":"http:\/\/uytbqwb.cluster027.hosting.ovh.net\/?page_id=258"},"modified":"2024-09-19T14:42:42","modified_gmt":"2024-09-19T12:42:42","slug":"utilisation-des-cookies","status":"publish","type":"page","link":"https:\/\/zadig-conseil.fr\/index.php\/utilisation-des-cookies\/","title":{"rendered":"Utilisation des cookies"},"content":{"rendered":"\t\t<div data-elementor-type=\"wp-page\" data-elementor-id=\"258\" class=\"elementor elementor-258\">\n\t\t\t\t<div class=\"elementor-element elementor-element-ca64141 e-flex e-con-boxed e-con e-parent\" data-id=\"ca64141\" data-element_type=\"container\" data-e-type=\"container\">\n\t\t\t\t\t<div class=\"e-con-inner\">\n\t\t\t\t<div class=\"elementor-element elementor-element-8b00c23 elementor-widget elementor-widget-text-editor\" data-id=\"8b00c23\" data-element_type=\"widget\" data-e-type=\"widget\" data-widget_type=\"text-editor.default\">\n\t\t\t\t<div class=\"elementor-widget-container\">\n\t\t\t\t\t\t\t\t\t<p style=\"font-weight: 400;\"><strong>UTILISATION DES COOKIES<\/strong><\/p><p style=\"font-weight: 400;\"><strong>Qu&rsquo;est ce qu&rsquo;un cookie ?<\/strong><\/p><p style=\"font-weight: 400;\">Un cookie est un petit fichier texte envoy\u00e9 \u00e0 votre navigateur par le site internet consult\u00e9, et stock\u00e9 dans votre \u00e9quipement terminal. Lorsque vous vous connectez sur le site, et en donnant votre consentement, vous acceptez que le Site utilise des cookies afin d&rsquo;am\u00e9liorer ses fonctionnalit\u00e9s et performances, mais \u00e9galement pour vous proposer des contenus personnalis\u00e9s.<\/p><p style=\"font-weight: 400;\"><strong>Cookies utilis\u00e9s sur le site<\/strong><\/p><p style=\"font-weight: 400;\"><strong>Les cookies techniques strictement n\u00e9cessaires \u00e0 l&rsquo;utilisation du Site<\/strong><\/p><p style=\"font-weight: 400;\">Vous \u00eates inform\u00e9 que lors de vos visites sur le site www.zadig-conseil.fr, des cookies techniques peuvent \u00eatre install\u00e9s sur votre \u00e9quipement terminal, ceux-ci \u00e9tant n\u00e9cessaires au bon fonctionnement du site. Ces cookies permettent, par exemple, l&rsquo;utilisation des fonctionnalit\u00e9s principales du site, la fluidit\u00e9 de navigation ou l\u2019ergonomie dans l\u2019affichage du site.<\/p><p style=\"font-weight: 400;\"><strong>Les cookies de mesure d\u2019audience<\/strong><\/p><p style=\"font-weight: 400;\">Des cookies de mesure d&rsquo;audience peuvent \u00e9galement \u00eatre d\u00e9pos\u00e9s sur votre \u00e9quipement terminal en vue de r\u00e9aliser des statistiques relatives notamment au nombre de visites, au nombre de pages vues, \u00e0 votre activit\u00e9 sur le site www.zadig-conseil.fr et \u00e0 votre fr\u00e9quence de retour.<\/p><p style=\"font-weight: 400;\"><strong>Acceptation, refus et suppression des cookies<\/strong><\/p><p style=\"font-weight: 400;\">Si vous refusez l&rsquo;enregistrement de cookies dans votre terminal, ou si vous supprimez ceux qui y sont enregistr\u00e9s, vous ne pourrez plus b\u00e9n\u00e9ficier d&rsquo;un certain nombre de fonctionnalit\u00e9s qui sont n\u00e9anmoins n\u00e9cessaires pour naviguer dans certains espaces du site et peut entra\u00eener un fonctionnement d\u00e9grad\u00e9 de nos services.<br \/>Vous pouvez vous opposer au d\u00e9p\u00f4t de cookies en refusant le d\u00e9p\u00f4t de ceux-ci via la banni\u00e8re qui s\u2019affiche sur le site ou en param\u00e9trant votre navigateur de la mani\u00e8re suivante :<\/p><ul style=\"font-weight: 400;\"><li><strong><u>Pour Internet Explorer : <\/u><\/strong>http:\/\/windows.microsoft.com\/fr-FR\/windows-vista\/Block-or-allow-cookies<\/li><li><strong><u>Pour le navigateur Firefox : <\/u><\/strong>https:\/\/support.mozilla.org\/fr\/kb\/activer-desactiver-cookies<\/li><li><strong><u>Pour Safari :<\/u><\/strong><ol><li>Lancez votre navigateur Safari. Cliquez sur le menu Safari, puis s\u00e9lectionnez Pr\u00e9f\u00e9rences.<\/li><li>Dans la fen\u00eatre Pr\u00e9f\u00e9rences, s\u00e9lectionnez l&rsquo;onglet S\u00e9curit\u00e9.<\/li><li>Dans la zone Accepter les cookies, cochez la case correspondant au param\u00e9trage des cookies que vous souhaitez.<\/li><\/ol><\/li><li><strong><u>Pour le navigateur Google Chrome\u00a0: <\/u><\/strong>https:\/\/support.google.com\/chrome\/answer\/95647?hl=fr<\/li><\/ul>\t\t\t\t\t\t\t\t<\/div>\n\t\t\t\t<\/div>\n\t\t\t\t\t<\/div>\n\t\t\t\t<\/div>\n\t\t\t\t<\/div>\n\t\t","protected":false},"excerpt":{"rendered":"<p>UTILISATION DES COOKIES Qu&rsquo;est ce qu&rsquo;un cookie ? Un cookie est un petit fichier texte envoy\u00e9 \u00e0 votre navigateur par le site internet consult\u00e9, et stock\u00e9 dans votre \u00e9quipement terminal. Lorsque vous vous connectez sur le site, et en donnant votre consentement, vous acceptez que le Site utilise des cookies afin d&rsquo;am\u00e9liorer ses fonctionnalit\u00e9s et [&hellip;]<\/p>\n","protected":false},"author":1,"featured_media":0,"parent":0,"menu_order":0,"comment_status":"closed","ping_status":"closed","template":"","meta":{"footnotes":""},"class_list":["post-258","page","type-page","status-publish","hentry"],"yoast_head":"<!-- This site is optimized with the Yoast SEO plugin v27.4 - https:\/\/yoast.com\/product\/yoast-seo-wordpress\/ -->\n<title>zadig-conseil<\/title>\n<meta name=\"description\" content=\"assurance - sant\u00e9 - pr\u00e9voyance - mutuelle - compl\u00e9mentaire - conseil - conformit\u00e9 -expertise m\u00e9tier - r\u00e9glementation - syst\u00e8me d&#039;information - gestion des risques - transformation\" \/>\n<meta name=\"robots\" content=\"index, follow, max-snippet:-1, max-image-preview:large, max-video-preview:-1\" \/>\n<link rel=\"canonical\" href=\"https:\/\/zadig-conseil.fr\/index.php\/utilisation-des-cookies\/\" \/>\n<meta property=\"og:locale\" content=\"fr_FR\" \/>\n<meta property=\"og:type\" content=\"article\" \/>\n<meta property=\"og:title\" content=\"zadig-conseil\" \/>\n<meta property=\"og:description\" content=\"assurance - sant\u00e9 - pr\u00e9voyance - mutuelle - compl\u00e9mentaire - conseil - conformit\u00e9 -expertise m\u00e9tier - r\u00e9glementation - syst\u00e8me d&#039;information - gestion des risques - transformation\" \/>\n<meta property=\"og:url\" content=\"https:\/\/zadig-conseil.fr\/index.php\/utilisation-des-cookies\/\" \/>\n<meta property=\"og:site_name\" content=\"Zadig conseil\" \/>\n<meta property=\"article:modified_time\" content=\"2024-09-19T12:42:42+00:00\" \/>\n<meta property=\"og:image\" content=\"https:\/\/zadig-conseil.fr\/wp-content\/uploads\/2024\/09\/cropped-logo-zadig-2.png\" \/>\n\t<meta property=\"og:image:width\" content=\"1359\" \/>\n\t<meta property=\"og:image:height\" content=\"1044\" \/>\n\t<meta property=\"og:image:type\" content=\"image\/png\" \/>\n<meta name=\"twitter:card\" content=\"summary_large_image\" \/>\n<meta name=\"twitter:label1\" content=\"Dur\u00e9e de lecture estim\u00e9e\" \/>\n\t<meta name=\"twitter:data1\" content=\"2 minutes\" \/>\n<script type=\"application\/ld+json\" class=\"yoast-schema-graph\">{\"@context\":\"https:\\\/\\\/schema.org\",\"@graph\":[{\"@type\":\"WebPage\",\"@id\":\"https:\\\/\\\/zadig-conseil.fr\\\/index.php\\\/utilisation-des-cookies\\\/\",\"url\":\"https:\\\/\\\/zadig-conseil.fr\\\/index.php\\\/utilisation-des-cookies\\\/\",\"name\":\"zadig-conseil\",\"isPartOf\":{\"@id\":\"https:\\\/\\\/zadig-conseil.fr\\\/#website\"},\"datePublished\":\"2024-09-19T12:41:23+00:00\",\"dateModified\":\"2024-09-19T12:42:42+00:00\",\"description\":\"assurance - sant\u00e9 - pr\u00e9voyance - mutuelle - compl\u00e9mentaire - conseil - conformit\u00e9 -expertise m\u00e9tier - r\u00e9glementation - syst\u00e8me d'information - gestion des risques - transformation\",\"breadcrumb\":{\"@id\":\"https:\\\/\\\/zadig-conseil.fr\\\/index.php\\\/utilisation-des-cookies\\\/#breadcrumb\"},\"inLanguage\":\"fr-FR\",\"potentialAction\":[{\"@type\":\"ReadAction\",\"target\":[\"https:\\\/\\\/zadig-conseil.fr\\\/index.php\\\/utilisation-des-cookies\\\/\"]}]},{\"@type\":\"BreadcrumbList\",\"@id\":\"https:\\\/\\\/zadig-conseil.fr\\\/index.php\\\/utilisation-des-cookies\\\/#breadcrumb\",\"itemListElement\":[{\"@type\":\"ListItem\",\"position\":1,\"name\":\"Accueil\",\"item\":\"https:\\\/\\\/zadig-conseil.fr\\\/\"},{\"@type\":\"ListItem\",\"position\":2,\"name\":\"Utilisation des cookies\"}]},{\"@type\":\"WebSite\",\"@id\":\"https:\\\/\\\/zadig-conseil.fr\\\/#website\",\"url\":\"https:\\\/\\\/zadig-conseil.fr\\\/\",\"name\":\"Zadig conseil\",\"description\":\"\",\"publisher\":{\"@id\":\"https:\\\/\\\/zadig-conseil.fr\\\/#organization\"},\"alternateName\":\"conseil en assurance sant\u00e9 et pr\u00e9voyance\",\"potentialAction\":[{\"@type\":\"SearchAction\",\"target\":{\"@type\":\"EntryPoint\",\"urlTemplate\":\"https:\\\/\\\/zadig-conseil.fr\\\/?s={search_term_string}\"},\"query-input\":{\"@type\":\"PropertyValueSpecification\",\"valueRequired\":true,\"valueName\":\"search_term_string\"}}],\"inLanguage\":\"fr-FR\"},{\"@type\":\"Organization\",\"@id\":\"https:\\\/\\\/zadig-conseil.fr\\\/#organization\",\"name\":\"Zadig conseil\",\"alternateName\":\"conseil en assurance sant\u00e9 et pr\u00e9voyance\",\"url\":\"https:\\\/\\\/zadig-conseil.fr\\\/\",\"logo\":{\"@type\":\"ImageObject\",\"inLanguage\":\"fr-FR\",\"@id\":\"https:\\\/\\\/zadig-conseil.fr\\\/#\\\/schema\\\/logo\\\/image\\\/\",\"url\":\"https:\\\/\\\/zadig-conseil.fr\\\/wp-content\\\/uploads\\\/2024\\\/09\\\/cropped-logo-zadig-3.png\",\"contentUrl\":\"https:\\\/\\\/zadig-conseil.fr\\\/wp-content\\\/uploads\\\/2024\\\/09\\\/cropped-logo-zadig-3.png\",\"width\":1359,\"height\":1044,\"caption\":\"Zadig conseil\"},\"image\":{\"@id\":\"https:\\\/\\\/zadig-conseil.fr\\\/#\\\/schema\\\/logo\\\/image\\\/\"},\"sameAs\":[\"https:\\\/\\\/www.linkedin.com\\\/company\\\/zadig-conseil-en-assurance-sant\u00e9\\\/posts\\\/?feedView=all\"]}]}<\/script>\n<!-- \/ Yoast SEO plugin. -->","yoast_head_json":{"title":"zadig-conseil","description":"assurance - sant\u00e9 - pr\u00e9voyance - mutuelle - compl\u00e9mentaire - conseil - conformit\u00e9 -expertise m\u00e9tier - r\u00e9glementation - syst\u00e8me d'information - gestion des risques - transformation","robots":{"index":"index","follow":"follow","max-snippet":"max-snippet:-1","max-image-preview":"max-image-preview:large","max-video-preview":"max-video-preview:-1"},"canonical":"https:\/\/zadig-conseil.fr\/index.php\/utilisation-des-cookies\/","og_locale":"fr_FR","og_type":"article","og_title":"zadig-conseil","og_description":"assurance - sant\u00e9 - pr\u00e9voyance - mutuelle - compl\u00e9mentaire - conseil - conformit\u00e9 -expertise m\u00e9tier - r\u00e9glementation - syst\u00e8me d'information - gestion des risques - transformation","og_url":"https:\/\/zadig-conseil.fr\/index.php\/utilisation-des-cookies\/","og_site_name":"Zadig conseil","article_modified_time":"2024-09-19T12:42:42+00:00","og_image":[{"width":1359,"height":1044,"url":"https:\/\/zadig-conseil.fr\/wp-content\/uploads\/2024\/09\/cropped-logo-zadig-2.png","type":"image\/png"}],"twitter_card":"summary_large_image","twitter_misc":{"Dur\u00e9e de lecture estim\u00e9e":"2 minutes"},"schema":{"@context":"https:\/\/schema.org","@graph":[{"@type":"WebPage","@id":"https:\/\/zadig-conseil.fr\/index.php\/utilisation-des-cookies\/","url":"https:\/\/zadig-conseil.fr\/index.php\/utilisation-des-cookies\/","name":"zadig-conseil","isPartOf":{"@id":"https:\/\/zadig-conseil.fr\/#website"},"datePublished":"2024-09-19T12:41:23+00:00","dateModified":"2024-09-19T12:42:42+00:00","description":"assurance - sant\u00e9 - pr\u00e9voyance - mutuelle - compl\u00e9mentaire - conseil - conformit\u00e9 -expertise m\u00e9tier - r\u00e9glementation - syst\u00e8me d'information - gestion des risques - transformation","breadcrumb":{"@id":"https:\/\/zadig-conseil.fr\/index.php\/utilisation-des-cookies\/#breadcrumb"},"inLanguage":"fr-FR","potentialAction":[{"@type":"ReadAction","target":["https:\/\/zadig-conseil.fr\/index.php\/utilisation-des-cookies\/"]}]},{"@type":"BreadcrumbList","@id":"https:\/\/zadig-conseil.fr\/index.php\/utilisation-des-cookies\/#breadcrumb","itemListElement":[{"@type":"ListItem","position":1,"name":"Accueil","item":"https:\/\/zadig-conseil.fr\/"},{"@type":"ListItem","position":2,"name":"Utilisation des cookies"}]},{"@type":"WebSite","@id":"https:\/\/zadig-conseil.fr\/#website","url":"https:\/\/zadig-conseil.fr\/","name":"Zadig conseil","description":"","publisher":{"@id":"https:\/\/zadig-conseil.fr\/#organization"},"alternateName":"conseil en assurance sant\u00e9 et pr\u00e9voyance","potentialAction":[{"@type":"SearchAction","target":{"@type":"EntryPoint","urlTemplate":"https:\/\/zadig-conseil.fr\/?s={search_term_string}"},"query-input":{"@type":"PropertyValueSpecification","valueRequired":true,"valueName":"search_term_string"}}],"inLanguage":"fr-FR"},{"@type":"Organization","@id":"https:\/\/zadig-conseil.fr\/#organization","name":"Zadig conseil","alternateName":"conseil en assurance sant\u00e9 et pr\u00e9voyance","url":"https:\/\/zadig-conseil.fr\/","logo":{"@type":"ImageObject","inLanguage":"fr-FR","@id":"https:\/\/zadig-conseil.fr\/#\/schema\/logo\/image\/","url":"https:\/\/zadig-conseil.fr\/wp-content\/uploads\/2024\/09\/cropped-logo-zadig-3.png","contentUrl":"https:\/\/zadig-conseil.fr\/wp-content\/uploads\/2024\/09\/cropped-logo-zadig-3.png","width":1359,"height":1044,"caption":"Zadig conseil"},"image":{"@id":"https:\/\/zadig-conseil.fr\/#\/schema\/logo\/image\/"},"sameAs":["https:\/\/www.linkedin.com\/company\/zadig-conseil-en-assurance-sant\u00e9\/posts\/?feedView=all"]}]}},"_links":{"self":[{"href":"https:\/\/zadig-conseil.fr\/index.php\/wp-json\/wp\/v2\/pages\/258","targetHints":{"allow":["GET"]}}],"collection":[{"href":"https:\/\/zadig-conseil.fr\/index.php\/wp-json\/wp\/v2\/pages"}],"about":[{"href":"https:\/\/zadig-conseil.fr\/index.php\/wp-json\/wp\/v2\/types\/page"}],"author":[{"embeddable":true,"href":"https:\/\/zadig-conseil.fr\/index.php\/wp-json\/wp\/v2\/users\/1"}],"replies":[{"embeddable":true,"href":"https:\/\/zadig-conseil.fr\/index.php\/wp-json\/wp\/v2\/comments?post=258"}],"version-history":[{"count":4,"href":"https:\/\/zadig-conseil.fr\/index.php\/wp-json\/wp\/v2\/pages\/258\/revisions"}],"predecessor-version":[{"id":265,"href":"https:\/\/zadig-conseil.fr\/index.php\/wp-json\/wp\/v2\/pages\/258\/revisions\/265"}],"wp:attachment":[{"href":"https:\/\/zadig-conseil.fr\/index.php\/wp-json\/wp\/v2\/media?parent=258"}],"curies":[{"name":"wp","href":"https:\/\/api.w.org\/{rel}","templated":true}]}}